, 3*a - 5*n - 9 = 64. Calculate the highest common divisor of c and a.
16
Let o be (8 + -143)*2/(-5). Let x = 4 + 8. Suppose -2*n - x = -4*n. What is the highest common factor of o and n?
6
Let p = 25 - 16. Suppose 4*r + p = 49. Let k be r + -3 + 3 + 0. Calculate the highest common factor of 110 and k.
10
Let p(v) = -6*v - 12. Let k be p(-7). Let o(t) = -t**2 - t**2 + t**2 + 3 - 18*t. Let a be o(-12). What is the highest common divisor of a and k?
15
Let r be (-8)/(-6)*(104 + 7). Let u = r + -84. What is the highest common divisor of u and 8?
8
Let u = -39 + 123. Suppose -n - 30*n + 868 = 0. Calculate the highest common divisor of n and u.
28
Suppose d + 2*z = 68, -4*z + 7*z = -d + 72. Let b = 25 + -9. Let a be (b/(-10))/((-6)/45). What is the highest common divisor of a and d?
12
Let j = 5 - 5. Suppose -5*d = -j*d - 200. Let y(s) = 11*s - 36. Let a be y(4). What is the greatest common divisor of d and a?
8
Let q be 2*96 - (-9)/(54/(-30)). Calculate the greatest common divisor of q and 323.
17
Let q(s) = s + 140. Let j be q(0). Let n = -17 - -19. Suppose g = 2*u - 38, u - 5*g = n*u - 30. Calculate the highest common divisor of u and j.
20
Let i = -9 - -137. What is the highest common factor of 8 and i?
8
Suppose 0*t + 5*t - 290 = 0. Suppose 6*a - 2 - t = 0. What is the greatest common divisor of 110 and a?
10
Let b(a) be the third derivative of -a**5/60 - 3*a**4/8 - 11*a**3/6 - a**2 + 52*a. Let m be b(-4). What is the highest common factor of 99 and m?
9
Let u = -12 + 9. Let p be u + (27 - 3) + -2. Suppose -2*o + 3*s = -35, -5*o + 4*s = -0*s - 91. What is the highest common divisor of o and p?
19
Let b(q) = 7*q + 191. Let t be b(-12). What is the highest common divisor of 3317 and t?
107
Suppose -100 = 2*p - 7*p. Let q = 14 + -14. Suppose q = -h - 3*h, 0 = -3*w - h + 15. Calculate the greatest common divisor of w and p.
5
Suppose -4*u + 28 = -5*o, -3*u = -4*o + 11 - 33. What is the highest common factor of u and 10?
2
Let t(u) = 3*u**2 - 6*u + 5. Let j be t(7). Suppose -7*x + 83 = 13. What is the greatest common factor of j and x?
10
Let f(l) = -2*l**2 - 13*l - 12. Let q be f(-5). Let n(w) = 10*w + 6. Let m be n(q). What is the greatest common divisor of 162 and m?
18
Let w = 2222 + -2006. Calculate the highest common factor of 2 and w.
2
Suppose -8*p + 13*p - 3025 = -2*h, -4*p = -4*h + 6092. Calculate the highest common divisor of 10 and h.
10
Suppose d = -4*o + 368 + 396, -2*d + 1513 = 5*o. Suppose -w = 5*w - d. What is the highest common factor of w and 31?
31
Suppose -4*b = -9*b. Let y(u) = -u**2 - u. Let r be y(0). Suppose -x - 4*p - 3 + 29 = r, 2*x - p - 52 = b. What is the greatest common factor of 39 and x?
13
Suppose 16*p - 13*p - 9 = 0. Suppose 0 = p*a - a - 28. What is the greatest common divisor of 56 and a?
14
Suppose 6 = 2*s - 5*n, 0 = 3*s - 2*n - 7 - 13. Let y be (-4)/7 - 222/(-21). Let q = y - s. Calculate the highest common divisor of q and 6.
2
Let a(v) = 164*v - 203. Let y be a(3). Calculate the greatest common divisor of y and 68.
17
Let h = 30 + -41. Let x = h + -7. Let j be x/(-1) - (-20 + 20). Calculate the greatest common factor of j and 27.
9
Suppose 52 = r + 4*t - 34, -3*r - 2*t = -218. Let s = 14 + 0. Calculate the greatest common factor of s and r.
14
Suppose -l - 2*l - 243 = 0. Let f be 3/(l/21 - -4). What is the greatest common divisor of f and 42?
21
Let a = -14 - -32. Suppose -6*b + 2*b = -4*n - 30900, 0 = n + 2*b + 7734. Let j be n/(-39) + (-2)/13. Calculate the highest common divisor of j and a.
18
Suppose 120 = -17*o + 22*o. Suppose -21 = -3*u + o. What is the greatest common factor of 15 and u?
15
Let y = -808 + 813. What is the highest common factor of y and 505?
5
Let l(k) = -22*k - 22*k - 3 + 50*k. Let i be l(2). Suppose -17 = -2*u - i. Calculate the greatest common factor of 1 and u.
1
Let d be 27/((-1215)/300)*-6. Suppose 2*b + 2*b - 12 = 2*m, -2*m - 17 = -5*b. Calculate the greatest common factor of b and d.
5
Suppose -q + 2641 = 5*v - 5*q, -5*v + 2645 = -5*q. Suppose -12*x + 17*x - v = 0. What is the greatest common divisor of 42 and x?
21
Let a(g) = -g**3 + 7*g**2 - 6*g - 4. Let j be a(6). Suppose 6*z - 70 = z. Let d be 5/(-10) - z/j. Calculate the highest common divisor of d and 24.
3
Let i(g) = -g**2 + g. Let q be i(-1). Let b be q/5 - (-324)/10. Let j(n) = 87*n - 158. Let x be j(2). Calculate the highest common divisor of x and b.
16
Suppose 4*f - 176 = -3*v, 0*f - 118 = -2*v - 2*f. Suppose -4*c = c. Suppose -5*k - 5*d + 100 = -c*d, 0 = -d. Calculate the highest common divisor of v and k.
20
Suppose 293 = 4*s - 5*g, -24*s + 25*s + 3*g = 69. What is the highest common factor of 2 and s?
2
Suppose 71 = 13*y - 3829. Calculate the highest common divisor of y and 400.
100
Let d = -38 + 24. Let w be (-1 - 15/(-21)) + (-46)/d. What is the highest common factor of w and 6?
3
Let z be -28*-10*(-18)/(-14). Suppose -5*y = -9*y + z. What is the highest common factor of 10 and y?
10
Suppose 4*n - 2*q = 230, -n - 54*q + 51*q + 61 = 0. Calculate the greatest common divisor of n and 6.
2
Let r(w) = -w**3 + 5*w**2 - w + 1. Let x(j) = 2*j**2 - 2*j - 2. Let q be x(2). Let u be r(q). Calculate the greatest common divisor of 55 and u.
11
Let f = -1128 - -1134. Suppose -93 = 2*i - 321. Calculate the greatest common factor of f and i.
6
Suppose 5*x - 2*h = -3*h + 20, -5 = -4*x - 3*h. Let q(l) = 4*l**2 + 5*l - 10. Let r be q(x). Let f = -62 + 108. What is the greatest common divisor of r and f?
23
Let x(l) = l**3 - 5*l**2 + l + 13. Let i be x(6). Let b = 67 - i. Calculate the greatest common divisor of 96 and b.
12
Suppose -5*i = -13*i + 536. Let y = 72 - i. What is the highest common divisor of 5 and y?
5
Let l be 1040/30 + ((-2)/6)/(-1). Let f = -3 - -8. Calculate the greatest common factor of f and l.
5
Let y = 2498 + -2427. What is the greatest common factor of y and 4757?
71
Let k be 8410/406 - (-4)/14. Calculate the greatest common factor of 6 and k.
3
Suppose 3*k - 2*w = 69, -4*w + 15 = 3. Let m be (269 - -4) + 3 - 1. Calculate the highest common divisor of m and k.
25
Suppose 5*g - 4*f + 74 = 0, -2*g = -f + 26 + 6. Let l = -11 - g. Suppose -14 = -11*o + 9*o. What is the greatest common divisor of o and l?
7
Let f be 4*((-531)/(-36) + -8). What is the greatest common factor of 18 and f?
9
Let n be 10/115 - (-96)/(-46) - -6. What is the greatest common factor of 8 and n?
4
Suppose 0 = 40*n + 1871 - 4991. What is the greatest common divisor of n and 24?
6
Let r be (-15)/((-4)/(2 - -210)). Suppose h - 2*z + 6*z = -140, 5*h + z + r = 0. Let c be (-4)/(-22) - h/88. Calculate the greatest common divisor of 14 and c.
2
Suppose -2*j = 3 + 3. Let s be j + 4 - (7 + -1). Let r(k) = k**2 + 7*k + 11. Let a be r(s). What is the highest common divisor of a and 8?
1
Let l = 835 - 825. Let c(j) = -6*j - 4. Let m be c(-7). Let h = m - 23. Calculate the highest common divisor of h and l.
5
Suppose 10 = -5*a, 4 = 5*s - 3*a - 32. Suppose -18 = -5*r + 72. Calculate the highest common divisor of r and s.
6
Let n(c) = c**3 + 30*c**2 - 63*c + 60. Let a be n(-32). What is the greatest common factor of 224 and a?
28
Suppose 4*c + 22 = -2. Let s(f) = 2*f**2 + 7*f - 6. Let k be s(c). Suppose -17*j + 206 = -66. Calculate the greatest common divisor of j and k.
8
Let o = 83 - 79. Let j = -4 + 8. Suppose -f - f + 16 = 4*a, f = j*a - 4. What is the highest common divisor of o and f?
4
Let z(y) = 645*y**2 - 5*y - 6. Let r be z(-1). What is the greatest common factor of 28 and r?
28
Let x = 158 + -108. What is the greatest common divisor of x and 25?
25
Let n = -312 + 499. Let k(g) = 8*g + n - 187. Let w be k(12). What is the greatest common divisor of w and 12?
12
Suppose 2*m + q = -34, -3*q = -3*m - 2*m - 96. Let g be 1*-4 - (m - 4). What is the greatest common divisor of g and 27?
9
Let o = -22 - -31. Suppose -y = 3*j + 2 + 5, 0 = -y + 3*j - 31. Let u = y + 28. What is the highest common factor of u and o?
9
Let a be 4 + (-125)/(-15) + 2/3. Let c = a - 10. Calculate the greatest common factor of 27 and c.
3
Suppose 0 = -19*i + 17*i + 14. What is the highest common divisor of i and 5?
1
Let x = -7 + 7. Let m = x + 3. Suppose -3*l + 35 = 3*n - 8*l, 0 = -m*n - 2*l + 28. What is the greatest common divisor of n and 5?
5
Let w(j) be the third de